**2 + 46*c. Determine i(-6).
3
Let h(k) = 4*k - 2*k**3 - 6 + 39*k**2 - 47*k**2 + 1 + k**3 - 6*k. Calculate h(-7).
-40
Let d(n) = n - 1 + 1 - 5 + 2. Let u(h) = -3*h + 8. Let p(s) = 17*d(s) + 6*u(s). Calculate p(-4).
1
Let t be (-7*(6 - 3))/(-3). Let z(u) = 2*u - 14. Let n be z(t). Let v(g) = -g**3 - g**2 - g + 1. Give v(n).
1
Let y(u) = -375 - 34*u**2 - 35*u - 392 - u**3 + 705. What is y(-33)?
4
Let y(m) = -10*m + 22. Let j(p) = -22*p + 52. Let k(i) = -4*j(i) + 9*y(i). Determine k(-4).
-2
Suppose 4*j - t + 11 = 0, 5*j + 17 = t + 4. Let y(v) be the second derivative of v**4/12 + v**2 + 6*v - 1. Determine y(j).
6
Let a(c) = -4 - 2 + 5*c + 3. Let l(b) = -b. Let s(d) = a(d) + 6*l(d). Let q be s(-4). Let n(w) = 7*w + 1. Give n(q).
8
Let b(p) = 6*p + 5. Suppose 3*j = 8*j - 5*u + 60, -2*j - u - 9 = 0. What is b(j)?
-37
Let t(a) = -a**3 + 7*a**2 - 4*a - 3. Let f(r) = 5*r - 4. Let n be (8/(-3))/(18/(-81)). Suppose 0 = w + 5*o - n, w + 4*o - 12 = -w. Let q be f(w). Give t(q).
9
Let h(n) = 7*n**2 - 11*n + 7. Let j(q) = 9*q**2 - 15*q + 9. Let m(v) = 3*v**2 - 5*v + 3. Let w(l) = 4*j(l) - 11*m(l). Let y(i) = -4*h(i) + 9*w(i). Give y(-2).
-3
Let u be (5/(-4))/(2/(-8)). Let l(n) = 12 + 5*n**2 - 17 + u*n + n**3 + 9. Determine l(-4).
0
Let r(o) = 0*o**2 - 5*o**2 - 17*o**3 + 5 + 14*o**3 + 4*o**3 - o**2 - 5*o. Calculate r(5).
-45
Let j(l) = 0*l - l - 8 - l. Let f = -184 - -188. Suppose 2*s + 22 = -f*p - 8, 0 = -4*s - 12. What is j(p)?
4
Let j be 1*((-16)/(-4) + 1). Let i(a) = a - 8 - 2*a - j*a + 3*a. What is i(-8)?
16
Let b(k) = -k**2 + 16*k - 74. Let h be b(6). Let x(i) = -i**2 - 16*i - 21. Give x(h).
7
Let r(b) be the second derivative of b**4/24 + 3*b**3/2 - 11*b**2/2 - 4*b. Let y(j) be the first derivative of r(j). What is y(-8)?
1
Let b(k) be the first derivative of 1/24*k**4 + 0*k**2 + 5 - 5/3*k**3 + 0*k + 1/120*k**5. Let f(z) be the third derivative of b(z). What is f(-4)?
-3
Let m(v) = -v - 4. Let o(a) = 3*a**2 + 2*a + 2. Let b be o(-2). Suppose 9*h - b*h + 3 = 0. Calculate m(h).
-7
Let m(x) = 4*x - 1. Let b(g) = 4*g - 1. Let k(s) = 2*b(s) - 3*m(s). Suppose -5*a + 2 = u, -5*u - 3*a = -8*a - 10. Give k(u).
-7
Let v be -1 - 4*(-2)/(12/(-9)). Let j(a) = a**3 + 7*a**2 + 3. Calculate j(v).
3
Let j(d) = d**3 + 7*d**2 + 7*d. Let m(l) = 3*l - 84 + 178 - 85. Suppose 0*o = -2*o - 10. Let r be m(o). What is j(r)?
-6
Let y(i) = -i**2 + 6*i + 8. Let u be y(6). Let f(z) = u + z**2 + 0*z**2 - 3*z + 4*z. Suppose 7*l = 2*l. Determine f(l).
8
Let p(m) be the third derivative of 1/60*m**5 + 0*m + 0 + 3*m**2 + 1/6*m**4 + 5/6*m**3. Let v = -9 - -5. What is p(v)?
5
Let v(i) = -13*i - 3. Let d(h) = 6*h + 1. Let j(z) = 7*d(z) + 3*v(z). Suppose -3 = 3*s - 9. Give j(s).
4
Let o(f) = -f**2 + 1. Suppose -57 = 3*i - 3*n, 4*i + 2*n - n = -61. Let z = i + 18. Suppose 9 = -c - z*c. What is o(c)?
-8
Let p(z) = -7*z + 4. Let v = 50 - 49. Let k be 3/(v/(-3)*3). Give p(k).
25
Let n(p) = p**3 + p**2 - p. Let y(o) = -3*o**3 - 3*o**2 + 3*o. Suppose d = 5*d + 28. Let u be ((-28)/d)/(1/2). Let s(z) = u*n(z) + 3*y(z). Determine s(-2).
2
Let t(q) = 4*q + 1. Let m = 124 - 126. Give t(m).
-7
Suppose 5*m - 11 + 1 = 0. Let y(s) = 4*s**2 + 4*s**m - 1 - 5*s**2 - 4*s**2 - 9*s. Let u(l) = l**3 - 19*l**2 - 6. Let t be u(19). Determine y(t).
17
Let v be 3/7 + (-364)/49. Let s = v - -10. Let f(m) = 6*m**2 + 4*m - s - 2*m - 2 - m**3 + 0. Calculate f(6).
7
Suppose 0 = -14*b - 23 - 33. Let z(x) = x + 7. What is z(b)?
3
Let j(f) = 114*f**2 - 61*f**2 - 55*f**2. Let n(a) = 5*a**2 + 7*a + 2. Let g(i) = 2*j(i) + n(i). What is g(-7)?
2
Let f(l) = 2*l**2 - l. Let b be f(1). Let s be ((-1)/(-1) - -3) + b. Suppose -s*j - 8 = 2. Let k(x) = -x**3 + 3*x + 3. Determine k(j).
5
Let a(p) = 4*p - 45*p**2 - 9*p + 46*p**2. Give a(4).
-4
Let a(j) = j + 3. Suppose 2*y = 4*y - 2. Let m be (6 - 2 - 1) + y. Suppose -m*q = -2*q. Give a(q).
3
Let k = -13 + 12. Let l(i) = 25*i - 8. Let o(f) = -74*f + 21. Let d(j) = -8*l(j) - 3*o(j). Determine d(k).
-21
Let p(n) be the second derivative of -n**2 - 1/3*n**3 + 6*n + 0 - 1/60*n**5 + 1/6*n**4. Let t(a) be the first derivative of p(a). What is t(5)?
-7
Let t(w) = -w**3 + 3*w**2 + 5*w - 4. Let o(z) = z - 25. Let v be o(11). Let k = -19 - v. Let b be 16/5 + 1/k. Determine t(b).
11
Let q be (-2)/(0/(-1) + 1). Let c = q - -2. Let k(g) = 3*g**3 - 8*g**2 + 5*g - 2. Let b(x) = x**3 - 2*x**2 + x - 1. Let d(s) = 4*b(s) - k(s). What is d(c)?
-2
Let l be ((-9)/(27/(-6)))/((-84)/(-7)). Let m(f) be the third derivative of 0*f + l*f**3 + 0 - f**2 + 1/24*f**4. Determine m(5).
6
Let y(s) = 13*s**3 - 12*s**2 - 10. Let p(n) = 3*n**3 - 3*n**2 - 3. Let w(q) = -9*p(q) + 2*y(q). What is w(3)?
7
Let a(r) = -41*r + 15. Let y(x) = 28*x - 12. Let k(c) = -5*a(c) - 7*y(c). What is k(-4)?
-27
Let u(z) = z - 10. Let r be u(7). Let m(l) = 7*l**3 - l**2 + 9*l + 13. Let h(s) = 15*s**3 - 3*s**2 + 19*s + 28. Let f(o) = -6*h(o) + 13*m(o). What is f(r)?
10
Let p(b) = -b**2 + 3*b. Let o be p(4). Let z(s) = -22*s + 5 + 20*s - 1 - 7. Determine z(o).
5
Let b(d) = -d**3 - 6*d**2 - 5*d + 3. Let r be b(-5). Let c(p) = -3*p - 1. Calculate c(r).
-10
Suppose 3*y = 2*y - 5. Let m(d) be the second derivative of -d**5/20 - d**4/2 - d**3/3 + 5*d**2/2 - 27*d. What is m(y)?
-10
Let v(m) = 2*m - 3. Suppose -3*u = -10*u + 119. Suppose 13*p - u*p = -16. Give v(p).
5
Let b(g) = -3*g + 4. Suppose -4*c = -m + 7, 4*c - 5 = 5*m - 24. Determine b(m).
-5
Suppose -52*f + 8 = -50*f. Let a(d) = 1 + 14*d + 3*d + 3*d - f*d. What is a(1)?
17
Let b be (42/15)/(2/(-5)). Let f(g) = -g**3 - 8*g**2 - 8*g - 8. Calculate f(b).
-1
Let k(a) = -a**3 - 7*a**2 - 5*a + 2. Let s be 2 - (-1 + 2)/1. Suppose 4 = m, 3*d - m = 3 - s. Let j be d/((-2)/9) + 3. Determine k(j).
-4
Let x(y) = -y - 2. Let w = 71 - 31. Suppose 15*a - w = 5*a. Determine x(a).
-6
Let o(v) be the third derivative of -v**7/5040 - v**6/80 - v**5/2 - 2*v**2. Let j(m) be the third derivative of o(m). Calculate j(-5).
-4
Let g(f) = -f**3 - 4*f**2 - 3*f - 6. Suppose 0 = -4*z - 12, q + 3 = -2*z - 7. Determine g(q).
6
Let r(o) = -3*o + 2. Let q(z) = 3*z - 2. Let t(x) = -5*q(x) - 4*r(x). Give t(-2).
8
Let a(y) = 2*y + 4. Let b be 3*(1 - 0)*3. Suppose 4*w - b = w. Let f be w/1*4/(-3). Give a(f).
-4
Let u(l) be the first derivative of l**4/4 + 2*l**3 + 5*l**2/2 + 3. Let t be u(-5). Let y(x) = 0*x**2 - 2*x**2 + x**2 + x**3 + x - 4. Determine y(t).
-4
Let b(n) = -n**3 + n**2 + n + 1. Let k(v) be the first derivative of -11*v**4/4 + 2*v**3/3 + 5*v**2/2 + 2*v - 4. Let h(m) = -3*b(m) + k(m). Give h(1).
-8
Let a(g) = -g**2 - 74*g - 273. Let y be a(-70). Let w(v) = -5*v - 7. Let s(k) = -11*k - 14. Let z(q) = 6*s(q) - 13*w(q). What is z(y)?
0
Suppose 3 = -g + 1. Let v(x) be the third derivative of 0 + 8*x**2 + 0*x - 1/3*x**3 + 1/8*x**4. Give v(g).
-8
Suppose h + 0*h = 6. Let b(p) = h*p - 6*p**2 - 12*p**2 + 17*p**2 + 2. Calculate b(6).
2
Let q(h) be the third derivative of -h**5/60 + h**4/8 - h**3/3 + 2*h**2 - 30. Determine q(2).
0
Let x be 8/(32/(-5)) + 50/8. Let k(c) = c**3 - 5*c**2 - 2*c + 1. Calculate k(x).
-9
Suppose -7*s + 124 = 103. Let i(f) = f**3 - 4*f**2 - f + 1. What is i(s)?
-11
Let d(o) = 8*o + 51. Let n = -794 - -788. Determine d(n).
3
Let s(g) = -60 - 66*g**2 + 66 + 44*g + 11*g + 75*g**2. Determine s(-6).
0
Let o(h) = 4*h - 2. Let n be (0 + (-3)/9)*0. Suppose 2*y - 4*y = n. Suppose y = -2*w - 5*l + 4, -w - 3*l = -5*l - 2. Determine o(w).
6
Let i(j) = -j**2 + 11*j + 1. Suppose 9 - 57 = -6*z. Calculate i(z).
25
Let w(o) = -o**2 - 10*o + 7. Suppose 4*c + 8 = 0, 10*c + 32 = -3*t + 12*c. Give w(t).
-17
Let g(w) be the first derivative of w**6/120 + w**5/12 - w**4/6 + w**3/6 - 8*w**2 - 3. Let j(a) be the second derivative of g(a). What is j(-6)?
-11
Suppose -3*c - 5*u + 10 = 0, 3*u = -4*c + 2*u - 15. Let a be c/(-3) - 4/(-12). Let d(l) = 2 + 0*l + a*l**2 + l + 9*l**3 - 11*l**3. What is d(2)?
-4
Suppose 4*l - 5*r - 33 = 0, -20*r - 30 = -5*l - 16*r. Let x(p) = -35 - 3*p + 34 + 0*p. Calculate x(l).
-7
Let c be 8/(-2) - (0 + 0). Let m(g) = -29*g - 44*g + 114*g - 44*g. What is m(c)?
12
Let i(w) = 17*w + 44. Let v(k) = 11*k + 27. Let p(h) = -5*i(h) + 8*v(h). Calculate p(-3).
-13
Let k(a) = -a**2 + 5*a - 4. Let t(d) = 3*d + 3. Let f be t(6). Suppose 5*m - f = 4. Determine k(m).
-4
Let h(i) = 103 - i**2 + i**2 + 102 + 6